 n - (u - -3) - -2?
1
Let i(o) = -2*o + 76. Let s be i(20). Let d = s - -213. What is the hundreds digit of d?
2
Suppose 2*p = 4*n - 2364, -592 = -n - p + 2*p. What is the tens digit of n?
9
What is the hundreds digit of 7/(-5) + 95870/50?
9
Let f(l) = l**2 - l + 3. Let m be f(0). Let r(j) = -j**3 + 7*j**2 - 2*j - 1. Let k be r(m). Let p = k - 2. What is the tens digit of p?
2
Let g = 1 - -10. Suppose m + 14 = -5*u, -4*u + 0*m - g = m. Let d = u + 23. What is the units digit of d?
0
Let j(x) = 30*x - 3. Let t(m) = -m**3 + 3*m**2 - 2*m + 2. Let b be t(2). What is the units digit of j(b)?
7
Let q(y) = -2*y**2 - 6*y + 3. Let u(m) = m**2 - m + 1. Let a(h) = q(h) + 3*u(h). Let x be a(9). What is the units digit of (4/x)/((-8)/(-36))?
3
Let j(h) = -h**3 + 11*h**2 - 10*h + 4. Let x be j(10). Let d be 0 + x - (1 + 0). What is the units digit of ((-5)/d - 1)*-21?
6
Let j = 7 + 26. Suppose r = j + 31. What is the units digit of r?
4
Let u(m) = -7*m - 5. Suppose -k - 2*k + 5*p = -10, -4*k - 3*p = 35. Let y(j) = 3*j + 2. Let i(z) = k*y(z) - 2*u(z). What is the units digit of i(-9)?
9
Let d be 2/(-2) - 7/((-7)/6). Suppose 5*h - 9*h + 133 = 3*c, d*c + 16 = h. What is the tens digit of h?
3
Suppose 0 = 2*k - 4*k + 134. Let j = 120 - k. What is the tens digit of j?
5
Suppose 2*f - 2*w = -3*w + 313, 0 = -4*f + 5*w + 619. Suppose -5*p + 4*c + 326 = 0, 4*p + 2*c - f = 110. Suppose -a + p = 2*a. What is the units digit of a?
2
Let v(w) = w**2 + 8*w + 18. Let s be v(-5). Suppose 284 = 2*l + 3*o, -s*o + 128 = l - 5*o. What is the units digit of l?
6
Let p(d) = -8*d + 12. Let v be 2/(-2)*(0 + 7). What is the units digit of p(v)?
8
Let q = 1342 + 460. What is the thousands digit of q?
1
Let r(n) = n - 2. Let j be r(10). Let s(k) = 33*k - 4. What is the units digit of s(j)?
0
Suppose 273 = -32*s + 39*s. What is the tens digit of s?
3
Suppose 35*m + 9 = 34*m. What is the units digit of 21/9*m/(-3)?
7
Let d be (4 - 2)*-1 + 2. Let x(o) = -o + 15. Let j be x(6). Suppose -u + 2*h + 32 = 5*h, -2*u + 5*h + j = d. What is the tens digit of u?
1
What is the units digit of -3183*(416/(-24))/13?
4
Let q be (-3 + 6)*(-61)/(-3). Suppose q = 4*k - 47. What is the units digit of k?
7
What is the thousands digit of (-13)/39 - 18296/(-6)?
3
Let y = 500 + -171. What is the units digit of y?
9
Suppose -23*h + 12*h + 2519 = 0. What is the units digit of h?
9
Suppose 4*i - 15 = -3. Suppose -i*d = -d + 30. What is the units digit of 9/(-15) + (-294)/d?
9
Let x = -10 - -2. Let r = x + 12. Suppose y = -y + r. What is the units digit of y?
2
Suppose -21*p + 15327 = 18*p. What is the units digit of p?
3
Let t(l) = -l + 2. Let u(q) = 10*q - 3. Let x(n) = 4*t(n) + 2*u(n). What is the hundreds digit of x(14)?
2
Let o(i) = -41 + 8*i + 8 + 3*i. What is the tens digit of o(11)?
8
Suppose -3095 = -5*u + 835. What is the hundreds digit of u?
7
Suppose d - 3*t = -13, -5*d = -4*t + 5*t + 17. Let v be -8*d/32*62. Let j = v + -33. What is the tens digit of j?
2
Let k = -18 - -50. Let a = -14 + k. Suppose 2 = 2*c - 4, -o = c - a. What is the units digit of o?
5
Let q(w) be the first derivative of w**5/20 - w**4/6 - 5*w**3/3 - 4. Let s(a) be the third derivative of q(a). What is the tens digit of s(5)?
2
Let f(v) = 279*v - 3. Let r be f(4). Let o be r/27 - 4/18. Suppose 5*g + o = 181. What is the tens digit of g?
2
Let v(r) = -2*r**2 - 11*r - 11. Let y be v(-3). Suppose d - 5*p = y*d - 855, 0 = -3*d + 4*p + 828. What is the units digit of d?
0
Let r = 82 - 9. Let s = r - 38. What is the units digit of s?
5
Let o = -1 + 7. Suppose 4*y - o = 6. What is the tens digit of 20*(y - 2)*1?
2
Let h = -45 - -41. What is the units digit of (-14)/(-8) - 1/h?
2
Let c = 5 - 82. Let o = 98 + c. What is the units digit of o?
1
Let w(p) = -p**3 - 18*p**2 - p + 24. Let l be w(-18). Let t = l + -25. What is the tens digit of t?
1
Suppose 0 = 9*o - 3101 - 1912. What is the units digit of o?
7
Let h = 30 - 22. What is the units digit of 12865/124 + 10/h?
5
Let h(d) = -d**3 + 2*d**2 + 3*d - 3. Let a be h(2). Let b be 1*(-6)/(-9)*a. Suppose -25 = -b*r - 19. What is the units digit of r?
3
Let v(t) = t**3 - 45*t**2 - 3*t - 13. What is the tens digit of v(46)?
6
Let d(a) be the third derivative of -a**4/24 - a**3/6 + 4*a**2. Let n(x) = 10*x + 7. Let c(f) = -5*d(f) - n(f). What is the units digit of c(-2)?
8
Let h(w) = 64*w**2 + 7*w + 5. Let l be h(-2). Let i = l - 117. What is the tens digit of i?
3
Suppose j = 5*j - 4*q - 20, -5*j = 3*q - 57. Suppose j*z + 177 = 861. What is the units digit of z?
6
Suppose -6*h + 5543 = 1805. What is the tens digit of h?
2
Let f be 6/(-6)*(1 - 1). Suppose m - 2 = -f. Suppose 0 = -2*d, 73 = m*w + 2*d + 21. What is the units digit of w?
6
Let b(q) = 5*q + 4*q**2 - 3*q + 21 - 22. What is the units digit of b(1)?
5
Let z(x) = 0*x + 3*x + 14 + 0*x. What is the units digit of z(12)?
0
Let a be 3/(-1 + (-10)/(-4)). Suppose 3*c - 3*y = -a*y + 96, 5*c - 149 = -2*y. What is the tens digit of c?
3
What is the units digit of (-350)/(-15)*(-540)/(-21)?
0
Suppose -13 = 3*s + 4*p, -3*s - 7 = -p + 1. What is the units digit of 1*-1*(-45 - s)?
2
Let a be (6/8)/(6/16). Suppose 0 = a*l - 6 - 62. Let n = -11 + l. What is the units digit of n?
3
Let h(r) = -36*r - 52. Let c be h(14). What is the tens digit of 3/(-3) - c/4?
3
Let t be 3/(-2)*16/(-12). Suppose -o + t*o = 57. What is the units digit of o?
7
Let j = 911 + 1271. What is the hundreds digit of j?
1
What is the units digit of (-5 - -3)*244/(-8)?
1
Let l(w) = 557*w**2 + 6*w + 14. What is the tens digit of l(-2)?
3
Suppose 3*a - j - 5794 = 0, 0 = -4*a + 8*j - 9*j + 7730. What is the hundreds digit of a?
9
Let w be (5 - 0)*(9 + -8). Suppose -2*j + 4*j - 4*i = 34, -5*i - 70 = -w*j. What is the units digit of j?
1
Suppose -5*w + c + 6 = -1, 0 = 3*w + 2*c - 12. Suppose h = -4*x + 13, -2*h + 0 + w = 0. Suppose 0 = -0*a + x*a - 45. What is the units digit of a?
5
Let a(l) = 52*l**2 + 2*l - 7. What is the units digit of a(3)?
7
Suppose 5*f = 3*f + 6. Suppose x + 3*c + 3 = -0*x, -1 = f*x + 5*c. Suppose 0*n - x*k - 61 = -n, 3*n - k = 159. What is the tens digit of n?
5
Let i = -19 - -23. Suppose -i*u = -7*u + 249. What is the units digit of u?
3
Suppose 2*m + 0*m = -896. Let c = m + -10. What is the units digit of c/(-14) - (-2)/7?
3
Let n(g) = 17*g + 1349. What is the tens digit of n(0)?
4
What is the tens digit of 498*1 + (40 - 36)?
0
What is the tens digit of (1254/18)/(8/168)?
6
Let a be (13 - -2)/(3/24). Suppose 0*v + v = a. Suppose -3*u - 2*u = 4*g - 111, 5*u - v = 5*g. What is the units digit of u?
3
Let m = -1078 + 1890. What is the units digit of m?
2
Let x be 176/6*(11 + -8). Let r = x - 31. What is the units digit of r?
7
Let u(j) = -46*j**3 - 3*j**2 - 8*j - 6. What is the units digit of u(-2)?
6
Let m = -11 + 6. Let v(s) = s**3 + 9*s**2 - 7*s + 17. Let u be v(-10). Let t = m - u. What is the units digit of t?
8
Suppose 0 = 14*y + 731 - 5001. What is the hundreds digit of y?
3
Suppose -4*a + 254 = -2*a. What is the tens digit of a?
2
Let j = -1881 - -3101. Suppose 2*l + j = 12*l. What is the hundreds digit of l?
1
Let q be -250*((-4)/20 + (-4)/5). What is the units digit of ((-6)/12)/(2/(-8)) + q?
2
Suppose -3*s - 27 = -3*w, 39 = 4*w + 2*s - 7*s. Let p be 6 + 6 - (2 - w). Suppose -16 - p = -i. What is the tens digit of i?
3
Suppose 6*f - 6 = 3*f. Suppose f*p - 96 = -24. Let s = -21 + p. What is the tens digit of s?
1
Let t(u) = 14*u - 5. Let f be t(-8). Let p = 278 + f. What is the tens digit of p?
6
Let y(z) = z**2 - 18. What is the thousands digit of y(-33)?
1
Suppose 0 = -4*s + 5*f + 8547, 4*f - 10 = 10. What is the hundreds digit of s?
1
Let p = 13007 + -9034. What is the tens digit of p?
7
Let o(j) be the first derivative of -j**2/2 + 9*j - 37. What is the units digit of o(4)?
5
Let n = 1384 - -892. What is the tens digit of n?
7
Let d(y) = -2*y**2 - 20*y - 14. Let m be d(-9). Suppose -302 = -m*g + 2*f, -10*f = -7*f + 3. What is the tens digit of g?
7
Suppose -6*a + 6392 = 2234. What is the units digit of a?
3
Suppose 66*a = 61*a, 0 = 3*r - 2*a - 6489. What is the tens digit of r?
6
Let n(t) = 2*t**2 + 2*t - 6. What is the units digit of n(6)?
8
Let v(w) be the third derivative of 0*w - 4/3*w**3 + 0 - 13/24*w**4 + w**2 - 1/60*w**5. What is the units